{"id":143,"date":"2024-05-01T21:20:30","date_gmt":"2024-05-01T19:20:30","guid":{"rendered":"https:\/\/st-gervais-vol-libre.fr\/?page_id=143"},"modified":"2026-08-14T18:12:00","modified_gmt":"2026-08-14T16:12:00","slug":"la-flying-light","status":"publish","type":"page","link":"https:\/\/st-gervais-vol-libre.fr\/index.php\/la-flying-light\/","title":{"rendered":"LA FLYING LIGHT"},"content":{"rendered":"<style>\/*! elementor - v3.21.0 - 30-04-2024 *\/<br \/>\n.elementor-heading-title{padding:0;margin:0;line-height:1}.elementor-widget-heading .elementor-heading-title[class*=elementor-size-]>a{color:inherit;font-size:inherit;line-height:inherit}.elementor-widget-heading .elementor-heading-title.elementor-size-small{font-size:15px}.elementor-widget-heading .elementor-heading-title.elementor-size-medium{font-size:19px}.elementor-widget-heading .elementor-heading-title.elementor-size-large{font-size:29px}.elementor-widget-heading .elementor-heading-title.elementor-size-xl{font-size:39px}.elementor-widget-heading .elementor-heading-title.elementor-size-xxl{font-size:59px}<\/style>\n<h2>La Flying Light 2026<\/h2>\n<h3>6 au 10 Octobre 2026 &#8211; Saint-Gervais-les-Bains &#8211; Espace Mont-blanc<\/h3>\n<h3><\/h3>\n<p><span style=\"font-weight: 400;\">Depuis 40 ans, le club Saint Gervais Mont Blanc Vol Libre organise d\u00e9but octobre, le salon du march\u00e9-vol light.<\/span><\/p>\n<p><b>En journ\u00e9e, des randos sont propos\u00e9es<\/b><span style=\"font-weight: 400;\"> pour tester du mat\u00e9riel l\u00e9ger exclusivement (voiles, sellettes, accessoires) et <\/span><a href=\"https:\/\/st-gervais-vol-libre.fr\/index.php\/les-marques-partenaires\/\"><span style=\"font-weight: 400;\">nos marques partenaires<\/span><\/a><span style=\"font-weight: 400;\"> vous permettent de d\u00e9couvrir les nouveaut\u00e9s et innovations du mat\u00e9riel light en conditions r\u00e9elles.<\/span><\/p>\n<p><b>En fin de journ\u00e9e, le salon du matos Light<\/b><span style=\"font-weight: 400;\"> est ouvert dans l\u2019Espace Mt-Blanc situ\u00e9 en plein centre du village de St-Gervais. Les passionn\u00e9s peuvent <\/span><b>venir discuter avec les marques <\/b><span style=\"font-weight: 400;\">pr\u00e9sentes, emprunter une aile l\u00e9g\u00e8re pour l\u2019essayer le lendemain.\u00a0<\/span><\/p>\n<p><b>Le soir, des conf\u00e9rences, films et pr\u00e9sentations des marques<\/b><span style=\"font-weight: 400;\"> mettent en lumi\u00e8re diff\u00e9rents aspects de la pratique et permettent \u00e0 tous d\u2019\u00e9changer lors d\u2019un moment convivial.<\/span><\/p>\n<p><b>Tout au long du festival, un concours photo <\/b><span style=\"font-weight: 400;\">est organis\u00e9 rassemblant\u00a0 passionn\u00e9s de parapente, photographes et amateurs de montagne, permet de conjuguer deux arts : le vol libre et la photographie.<\/span><\/p>\n<p align=\"justify\">En cliquant dans les menus ci-dessus, vous trouverez toutes les informations relatives au d\u00e9roulement de cette semaine (inscriptions, rendez-vous, programme, marques partenaires, soir\u00e9es, concours photo\u2026).<\/p>\n<p align=\"justify\">A tr\u00e8s bient\u00f4t pour de chouettes vols-rando au pied du Mont-Blanc\u00a0!<\/p>\n","protected":false},"excerpt":{"rendered":"<p>La Flying Light 2026 6 au 10 Octobre 2026 &#8211; Saint-Gervais-les-Bains &#8211; Espace Mont-blanc Depuis 40 ans, le club Saint Gervais Mont Blanc Vol Libre&hellip;<\/p>\n","protected":false},"author":1,"featured_media":0,"parent":0,"menu_order":0,"comment_status":"closed","ping_status":"closed","template":"","meta":{"_acf_changed":false,"footnotes":""},"class_list":["post-143","page","type-page","status-publish","hentry"],"acf":[],"_links":{"self":[{"href":"https:\/\/st-gervais-vol-libre.fr\/index.php\/wp-json\/wp\/v2\/pages\/143","targetHints":{"allow":["GET"]}}],"collection":[{"href":"https:\/\/st-gervais-vol-libre.fr\/index.php\/wp-json\/wp\/v2\/pages"}],"about":[{"href":"https:\/\/st-gervais-vol-libre.fr\/index.php\/wp-json\/wp\/v2\/types\/page"}],"author":[{"embeddable":true,"href":"https:\/\/st-gervais-vol-libre.fr\/index.php\/wp-json\/wp\/v2\/users\/1"}],"replies":[{"embeddable":true,"href":"https:\/\/st-gervais-vol-libre.fr\/index.php\/wp-json\/wp\/v2\/comments?post=143"}],"version-history":[{"count":44,"href":"https:\/\/st-gervais-vol-libre.fr\/index.php\/wp-json\/wp\/v2\/pages\/143\/revisions"}],"predecessor-version":[{"id":743,"href":"https:\/\/st-gervais-vol-libre.fr\/index.php\/wp-json\/wp\/v2\/pages\/143\/revisions\/743"}],"wp:attachment":[{"href":"https:\/\/st-gervais-vol-libre.fr\/index.php\/wp-json\/wp\/v2\/media?parent=143"}],"curies":[{"name":"wp","href":"https:\/\/api.w.org\/{rel}","templated":true}]}}

<style>/*! elementor - v3.21.0 - 30-04-2024 */<br />
.elementor-heading-title{padding:0;margin:0;line-height:1}.elementor-widget-heading .elementor-heading-title[class*=elementor-size-]>a{color:inherit;font-size:inherit;line-height:inherit}.elementor-widget-heading .elementor-heading-title.elementor-size-small{font-size:15px}.elementor-widget-heading .elementor-heading-title.elementor-size-medium{font-size:19px}.elementor-widget-heading .elementor-heading-title.elementor-size-large{font-size:29px}.elementor-widget-heading .elementor-heading-title.elementor-size-xl{font-size:39px}.elementor-widget-heading .elementor-heading-title.elementor-size-xxl{font-size:59px}</style>
<h2>La Flying Light 2026</h2>
<h3>6 au 10 Octobre 2026 &#8211; Saint-Gervais-les-Bains &#8211; Espace Mont-blanc</h3>
<h3></h3>
<p><span style="font-weight: 400;">Depuis 40 ans, le club Saint Gervais Mont Blanc Vol Libre organise début octobre, le salon du marché-vol light.</span></p>
<p><b>En journée, des randos sont proposées</b><span style="font-weight: 400;"> pour tester du matériel léger exclusivement (voiles, sellettes, accessoires) et </span><a href="https://st-gervais-vol-libre.fr/index.php/les-marques-partenaires/"><span style="font-weight: 400;">nos marques partenaires</span></a><span style="font-weight: 400;"> vous permettent de découvrir les nouveautés et innovations du matériel light en conditions réelles.</span></p>
<p><b>En fin de journée, le salon du matos Light</b><span style="font-weight: 400;"> est ouvert dans l’Espace Mt-Blanc situé en plein centre du village de St-Gervais. Les passionnés peuvent </span><b>venir discuter avec les marques </b><span style="font-weight: 400;">présentes, emprunter une aile légère pour l’essayer le lendemain. </span></p>
<p><b>Le soir, des conférences, films et présentations des marques</b><span style="font-weight: 400;"> mettent en lumière différents aspects de la pratique et permettent à tous d’échanger lors d’un moment convivial.</span></p>
<p><b>Tout au long du festival, un concours photo </b><span style="font-weight: 400;">est organisé rassemblant  passionnés de parapente, photographes et amateurs de montagne, permet de conjuguer deux arts : le vol libre et la photographie.</span></p>
<p align="justify">En cliquant dans les menus ci-dessus, vous trouverez toutes les informations relatives au déroulement de cette semaine (inscriptions, rendez-vous, programme, marques partenaires, soirées, concours photo…).</p>
<p align="justify">A très bientôt pour de chouettes vols-rando au pied du Mont-Blanc !</p>
